when 726021 is divided by 12737?
12
Calculate the remainder when 84344 is divided by 42165.
14
Calculate the remainder when 794 is divided by 274.
246
What is the remainder when 40403 is divided by 161?
153
What is the remainder when 54721 is divided by 842?
833
Calculate the remainder when 1863 is divided by 600.
63
What is the remainder when 1563 is divided by 799?
764
What is the remainder when 6945 is divided by 27?
6
What is the remainder when 33939 is divided by 477?
72
What is the remainder when 785 is divided by 157?
0
What is the remainder when 772272 is divided by 208?
176
What is the remainder when 148520 is divided by 273?
8
Calculate the remainder when 2805 is divided by 323.
221
Calculate the remainder when 2431347 is divided by 54.
51
Calculate the remainder when 2194894 is divided by 55.
9
What is the remainder when 1392625 is divided by 456?
1
What is the remainder when 20714 is divided by 6842?
188
Calculate the remainder when 21466 is divided by 710.
166
What is the remainder when 3409428 is divided by 151?
150
What is the remainder when 2615507 is divided by 18?
17
What is the remainder when 2365 is divided by 454?
95
Calculate the remainder when 1416 is divided by 277.
31
Calculate the remainder when 591865 is divided by 264.
241
What is the remainder when 5925 is divided by 90?
75
What is the remainder when 35141 is divided by 62?
49
Calculate the remainder when 7549 is divided by 232.
125
What is the remainder when 5289 is divided by 172?
129
Calculate the remainder when 129614 is divided by 49.
9
What is the remainder when 1296 is divided by 65?
61
Calculate the remainder when 4606 is divided by 54.
16
Calculate the remainder when 540526 is divided by 35.
21
Calculate the remainder when 15014 is divided by 938.
6
Calculate the remainder when 2210 is divided by 2178.
32
What is the remainder when 24852 is divided by 24814?
38
Calculate the remainder when 5641 is divided by 397.
83
Calculate the remainder when 9089 is divided by 91.
80
What is the remainder when 581618 is divided by 59?
55
What is the remainder when 1445 is divided by 530?
385
Calculate the remainder when 50325 is divided by 44.
33
What is the remainder when 18598 is divided by 100?
98
Calculate the remainder when 35302 is divided by 14.
8
Calculate the remainder when 4981 is divided by 29.
22
What is the remainder when 54138 is divided by 266?
140
Calculate the remainder when 4543 is divided by 9.
7
What is the remainder when 126088 is divided by 1449?
25
What is the remainder when 3703 is divided by 908?
71
Calculate the remainder when 36945 is divided by 824.
689
What is the remainder when 1152 is divided by 515?
122
Calculate the remainder when 824 is divided by 399.
26
Calculate the remainder when 56367 is divided by 255.
12
Calculate the remainder when 12753 is divided by 133.
118
Calculate the remainder when 284826 is divided by 10549.
3
What is the remainder when 9555 is divided by 798?
777
What is the remainder when 781 is divided by 734?
47
What is the remainder when 3073 is divided by 1277?
519
What is the remainder when 1524 is divided by 68?
28
Calculate the remainder when 43342 is divided by 504.
502
What is the remainder when 238149 is divided by 79371?
36
What is the remainder when 9064 is divided by 323?
20
Calculate the remainder when 1562 is divided by 399.
365
Calculate the remainder when 935535 is divided by 46.
33
Calculate the remainder when 2590 is divided by 2580.
10
What is the remainder when 23059 is divided by 11468?
123
What is the remainder when 1643694 is divided by 99?
96
Calculate the remainder when 11472 is divided by 602.
34
Calculate the remainder when 4119 is divided by 171.
15
What is the remainder when 48985 is divided by 16326?
7
What is the remainder when 9164 is divided by 353?
339
Calculate the remainder when 8752 is divided by 199.
195
Calculate the remainder when 8047 is divided by 171.
10
Calculate the remainder when 125 is divided by 44.
37
What is the remainder when 540 is divided by 266?
8
What is the remainder when 23524 is divided by 34?
30
What is the remainder when 14871 is divided by 2971?
16
What is the remainder when 126893 is divided by 835?
808
What is the remainder when 16899 is divided by 36?
15
What is the remainder when 217424 is divided by 649?
9
What is the remainder when 1061 is divided by 254?
45
Calculate the remainder when 116052 is divided by 30.
12
What is the remainder when 1692 is divided by 151?
31
Calculate the remainder when 3787 is divided by 426.
379
What is the remainder when 16943 is divided by 516?
431
Calculate the remainder when 471570 is divided by 31.
29
What is the remainder when 35914 is divided by 433?
408
What is the remainder when 1398466 is divided by 109?
105
What is the remainder when 1954 is divided by 1941?
13
Calculate the remainder when 16099 is divided by 244.
239
What is the remainder when 2078 is divided by 181?
87
Calculate the remainder when 3049 is divided by 71.
67
What is the remainder when 395518 is divided by 8?
6
Calculate the remainder when 2131797 is divided by 1900.
1897
Calculate the remainder when 1693 is divided by 569.
555
What is the remainder when 184858 is divided by 42?
16
Calculate the remainder when 455360 is divided by 17.
15
What is the remainder when 5196 is divided by 408?
300
Calculate the remainder when 3305 is divided by 1647.
11
Calculate the remainder when 2125 is divided by 13.
6
Calculate the remainder when 118477 is divided by 109.
103
What is the remainder when 203 is divided by 2?
1
What is the remainder when 1936 is divided by 984?
952
Calculate the remainder when 13618 is divided by 383.
213
Calculate the remainder when 152445 is divided by 25407.
3
Calculate the remainder when 4517 is divided by 226.
223
What is the remainder when 4945 is divided by 1576?
217
What is the remainder when 39625 is divided by 45?
25
What is the remainder when 15496 is divided by 7428?
640
What is the remainder when 4809 is divided by 1503?
300
What is the remainder when 912 is divided by 295?
27
What is the remainder when 75525 is divided by 166?
161
Calculate the remainder when 40901 is divided by 524.
29
What is the remainder when 34313 is divided by 602?
601
What is the remainder when 125170 is divided by 183?
181
Calculate the remainder when 1272675 is divided by 49.
47
Calculate the remainder when 754 is divided by 131.
99
Calculate the remainder when 16972 is divided by 2590.
1432
Calculate the remainder when 49052 is divided by 1090.
2
What is the remainder when 96827 is divided by 541?
529
What is the remainder when 1397561 is divided by 15?
11
Calculate the remainder when 48036 is divided by 67.
64
What is the remainder when 12242 is divided by 39?
35
Calculate the remainder when 4020508 is divided by 21.
16
What is the remainder when 59155 is divided by 313?
311
What is the remainder when 65572 is divided by 18?
16
Calculate the remainder when 10433 is divided by 360.
353
Calculate the remainder when 42598 is divided by 134.
120
What is the remainder when 305123 is divided by 4422?
5
What is the remainder when 28795 is divided by 2617?
8
Calculate the remainder when 1271 is divided by 144.
119
Calculate the remainder when 374489 is divided by 373.
370
Calculate the remainder when 7583 is divided by 39.
17
Calculate the remainder when 8036 is divided by 12.
8
Calculate the remainder when 117078 is divided by 22.
16
Calculate the remainder when 6345 is divided by 40.
25
What is the remainder when 1910 is divided by 12?
2
Calculate the remainder when 8189 is divided by 362.
225
Calculate the remainder when 56971 is divided by 3798.
1
What is the remainder when 340 is divided by 108?
16
What is the remainder when 45968 is divided by 32?
16
What is the remainder when 481054 is divided by 160350?
4
Calculate the remainder when 9905 is divided by 101.
7
Calculate the remainder when 3381 is divided by 38.
37
What is the remainder when 97499 is divided by 130?
129
Calculate the remainder when 3689 is divided by 456.
41
Calculate the remainder when 46371 is divided by 265.
261
What is the remainder when 4840 is divided by 1208?
8
What is the remainder when 29186 is divided by 328?
322
Calculate the remainder when 123654 is divided by 11